factors of 894332677.
7, 131, 975281
What are the prime factors of 8417383087?
79, 106549153
What are the prime factors of 491109472?
2, 7, 181, 12113
What are the prime factors of 88586066?
2, 37, 83, 14423
List the prime factors of 844384682.
2, 71, 5946371
What are the prime factors of 2689902505?
5, 537980501
List the prime factors of 49401961.
7, 109, 64747
What are the prime factors of 34645161?
3, 163, 70849
What are the prime factors of 109624702?
2, 11, 4982941
List the prime factors of 343476187.
31, 89, 124493
List the prime factors of 127048533.
3, 42349511
What are the prime factors of 17461759?
7, 2494537
What are the prime factors of 755626481?
1399, 540119
List the prime factors of 1412454179.
1412454179
List the prime factors of 91261662.
2, 3, 15210277
List the prime factors of 163888290.
2, 3, 5, 97, 18773
List the prime factors of 214136189.
31, 6907619
What are the prime factors of 25695669?
3, 23, 372401
What are the prime factors of 98635071?
3, 17, 1934021
List the prime factors of 191351957.
191351957
List the prime factors of 1238315213.
151, 193, 42491
What are the prime factors of 165117318?
2, 3, 3491, 7883
What are the prime factors of 13966259?
1021, 13679
List the prime factors of 1505053337.
73, 653, 31573
List the prime factors of 2554606778.
2, 127, 10057507
List the prime factors of 663371403.
3, 221123801
List the prime factors of 744225142.
2, 372112571
List the prime factors of 881877677.
31, 433, 65699
List the prime factors of 494947673.
11, 17, 43, 61553
What are the prime factors of 92916955?
5, 73, 193, 1319
What are the prime factors of 2973327?
3, 7, 141587
What are the prime factors of 552624801?
3, 547, 336761
List the prime factors of 75360456.
2, 3, 17, 6841
What are the prime factors of 2006266713?
3, 11, 17, 3576233
List the prime factors of 32048182.
2, 251, 63841
List the prime factors of 44208415.
5, 17, 23, 22613
List the prime factors of 56843104.
2, 17, 104491
List the prime factors of 1528814323.
431, 617, 5749
List the prime factors of 319630195.
5, 23, 193, 14401
List the prime factors of 59963800.
2, 5, 13, 23063
What are the prime factors of 2443687519?
7, 13, 26853709
What are the prime factors of 52913115?
3, 5, 167, 2347
List the prime factors of 5681852515.
5, 31, 43, 59, 14449
List the prime factors of 6107846367.
3, 7, 290849827
List the prime factors of 132284768.
2, 7, 11, 37, 1451
List the prime factors of 725984427.
3, 7, 503, 68729
What are the prime factors of 1548235529?
557, 2779597
List the prime factors of 3652473105.
3, 5, 43, 521, 3623
What are the prime factors of 144132268?
2, 7, 31, 47, 3533
What are the prime factors of 253099019?
19, 179, 74419
What are the prime factors of 208753515?
3, 5, 4638967
What are the prime factors of 423030910?
2, 5, 193, 219187
What are the prime factors of 2206830499?
397, 1229, 4523
List the prime factors of 37346334.
2, 3, 389, 16001
List the prime factors of 393219235.
5, 1291, 60917
List the prime factors of 4539181523.
43, 661, 159701
What are the prime factors of 3179081057?
67, 587, 80833
What are the prime factors of 4525658814?
2, 3, 31, 113, 163, 1321
List the prime factors of 318779349.
3, 7, 2168567
What are the prime factors of 533696714?
2, 266848357
What are the prime factors of 5661759?
3, 1887253
List the prime factors of 34564781.
19, 29, 62731
What are the prime factors of 115552044?
2, 3, 479, 6701
What are the prime factors of 67809380?
2, 5, 101, 33569
List the prime factors of 624669205.
5, 83, 1505227
What are the prime factors of 28279596?
2, 3, 101, 23333
What are the prime factors of 571921949?
3847, 148667
List the prime factors of 30718519.
13, 2362963
List the prime factors of 1015100789.
15971, 63559
What are the prime factors of 68794768?
2, 7, 421, 1459
What are the prime factors of 111169822?
2, 55584911
List the prime factors of 765316543.
599, 1277657
What are the prime factors of 1704912933?
3, 13913, 40847
What are the prime factors of 521623310?
2, 5, 13, 4012487
What are the prime factors of 1458361794?
2, 3, 109, 569, 3919
What are the prime factors of 6673260?
2, 3, 5, 11, 10111
What are the prime factors of 267849975?
3, 5, 3571333
What are the prime factors of 264215928?
2, 3, 157, 70121
What are the prime factors of 172414583?
11, 15674053
List the prime factors of 90786616.
2, 911, 12457
List the prime factors of 92980250.
2, 5, 11, 33811
What are the prime factors of 43399802?
2, 21699901
What are the prime factors of 541973716?
2, 135493429
List the prime factors of 187532685.
3, 5, 23, 60397
List the prime factors of 244347321.
3, 2843, 28649
List the prime factors of 4952406022.
2, 3319, 746069
What are the prime factors of 34374362?
2, 11, 1562471
What are the prime factors of 26920344?
2, 3, 11, 107, 953
What are the prime factors of 3396613317?
3, 347, 3262837
List the prime factors of 398234286.
2, 3, 7374709
What are the prime factors of 103819986?
2, 3, 17, 491, 691
What are the prime factors of 151776955?
5, 11, 250871
List the prime factors of 30459844.
2, 463, 16447
What are the prime factors of 4981161954?
2, 3, 830193659
List the prime factors of 3219685638.
2, 3, 13, 41, 1006781
List the prime factors of 21106007.
13, 1623539
List the prime factors of 14602351.
14602351
List the prime factors of 521725149.
3, 11, 43, 122557
List the prime factors of 57915581.
29, 1997089
List the prime factors of 607947755.
5, 619, 196429
List the prime factors of 66566355.
3, 5, 4437757
What are the prime factors of 73728132?
2, 3, 19, 323369
What are the prime factors of 142808306?
2, 83, 860291
List the prime factors of 40794568.
2, 673, 7577
What are the prime factors of 285786748?
2, 13, 1489, 3691
List the prime factors of 332549940.
2, 3, 5, 5542499
List the prime factors of 1040598816.
2, 3, 353, 30707
What are the prime factors of 322776914?
2, 161388457
What are the prime factors of 467640662?
2, 233820331
What are the prime factors of 86995104?
2, 3, 7, 129457
What are the prime factors of 137009078?
2, 1567, 43717
What are the prime factors of 2502016966?
2, 317, 3946399
What are the prime factors of 234724281?
3, 11, 31, 199, 1153
What are the prime factors of 17721593?
3089, 5737
List the prime factors of 213956255.
5, 42791251
What are the prime factors of 1373002523?
157, 8745239
What are the prime factors of 6316190552?
2, 7, 16112731
What are the prime factors of 120181644?
2, 3, 11, 33721
What are the prime factors of 37565841?
3, 37, 338431
List the prime factors of 190890073.
11, 17353643
List the prime factors of 201346675.
5, 541, 14887
What are the prime factors of 840646041?
3, 109, 2570783
What are the prime factors of 960460710?
2, 3, 5, 11, 2910487
List the prime factors of 46412923.
47, 987509
What are the prime factors of 728333458?
2, 89, 179, 22859
List the prime factors of 530348052.
2, 3, 13, 3399667
What are the prime factors of 2081021291?
829, 2510279
List the prime factors of 416988808.
2, 52123601
What are the prime factors of 2493785974?
2, 1246892987
What are the prime factors of 507918498?
2, 3, 239, 271, 1307
List the prime factors of 2493291943.
2493291943
What are the prime factors of 5905271807?
47, 3203, 39227
List the prime factors of 58517198.
2, 23, 1272113
What are the prime factors of 3884537992?
2, 19, 229, 111599
List the prime factors of 7559335797.
3, 13, 353, 549091
What are the prime factors of 38331390?
2, 3, 5, 661, 1933
List the prime factors of 6882502440.
2, 3, 5, 11, 5214017
What are the prime factors of 7116404716?
2, 271, 1559, 4211
What are the prime factors of 231266952?
2, 3, 7, 458863
What are the prime factors of 190713894?
2, 3, 7, 4540807
What are the prime factors of 67786686?
2, 3, 11, 139, 821
List the prime factors of 1302882542.
2, 13, 43, 113, 10313
What are the prime factors of 356292195?
3, 5, 7, 23, 43, 47, 73
List the prime factors of 3782273.
11, 19, 18097
What are the prime factors of 292674994?
2, 599, 244303
What are the prime factors of 8029708?
2, 73, 107, 257
List the prime factors of 86556418.
2, 13, 17, 113, 1733
List the prime factors of 1034440599.
3, 17, 601, 33749
List the prime factors of 299510108.
2, 401, 186727
What are the prime factors of 1989292123?
7, 13, 21860353
What are the p